are the prime factors of k?
5, 13
Suppose 3*v + 244 = y, 4*v + 309 - 70 = y. What are the prime factors of y?
7, 37
Let v(s) = -7*s - 3*s + 1 + 8*s + 5*s**2. What are the prime factors of v(2)?
17
Let r(y) = -119*y**3 + y**2 - 6*y - 6. List the prime factors of r(-1).
2, 3, 5
Let p(a) = -3*a + 4. Let u be p(3). Let d be (-8 + -2)/u - -4. Suppose -4*b - 2*t = -d, 0 = -2*t - 6. What are the prime factors of b?
3
Suppose -55*p + 60*p - 1460 = 0. Suppose -8 = -3*o - 20, 4*q - p = -5*o. What are the prime factors of q?
2, 3, 13
Let l = 607 - -122. What are the prime factors of l?
3
Let l(r) = 58*r + 2. What are the prime factors of l(9)?
2, 131
Let j(q) be the first derivative of -q**3/3 + 19*q**2/2 - 16*q - 7. Let i be j(18). Suppose 2 = i*o + 4*t, 2*o = -0*o + t + 12. What are the prime factors of o?
5
Let w(c) = 66*c + 2. Let s be w(-5). Let o be s/(-12) - (-2)/(-6). Let d = o + -13. List the prime factors of d.
2, 7
Suppose -4*n = 16, 4173 = 3*h - 14*n + 17*n. List the prime factors of h.
3, 5, 31
Let v be (-8 - -9)/((-1)/39). Let m = v + 39. Suppose 4*t - 357 + 137 = m. List the prime factors of t.
5, 11
Suppose 105 = -2*w - w. Let h be 3/15 - (2 - (-1216)/(-20)). Let u = w + h. What are the prime factors of u?
2, 3
Let l(u) = u**2 + 16*u + 19. Let n be l(-15). Suppose 0 = h - g - 2*g + 8, -n*g + 14 = -2*h. What are the prime factors of 32*2 - h/(-5)?
3, 7
Let j be ((-24)/56)/(1/(-7)). Suppose 0*u + 3*u + 30 = -j*c, 4*u = c - 10. List the prime factors of c/(-4) + (-231)/(-6).
2, 5
Let l be 139/(-3)*3/(-1). Let y be 12/(-9)*117/(-52). Suppose 2*b + 4*j + l = 7*b, -y*b + 73 = -5*j. What are the prime factors of b?
31
Let j = -16 - -14. Let q be 33/11 - (0 + j). Suppose -3*g + 43 = q*o, g - 3*o = 4*g - 51. List the prime factors of g.
3, 7
Let t(o) = 2*o + 4*o - 27 - 2*o + 22. Let l be t(2). Suppose 2*s - l*s = -3*g + 128, 4*g = -s + 159. List the prime factors of g.
41
Suppose 8 = -2*u, -2*j - 5*u + 45 - 293 = 0. Let o be j/(-4)*(-2)/(-3). List the prime factors of (o + 3)*(-3)/(-6).
11
Let t(f) = 2*f**2 - 12*f - 227. List the prime factors of t(-28).
3, 13, 43
Let w be 2 - (-1 - (711 + -4)). What are the prime factors of w/35 - (-2)/(-7)?
2, 5
Suppose 5*r + y = 5940, 2*r - 4752 = -2*r - 3*y. List the prime factors of r.
2, 3, 11
Let j be ((-8)/5)/(12/(-30)) - -2. List the prime factors of j/45 - (-2148)/90.
2, 3
Let j = -61 - -144. Suppose -2*b = -5*m - 0*b + 369, m - j = 5*b. List the prime factors of m.
73
Suppose -2*y = y. Suppose y = j - 2*j + 2. Suppose j = -q + 32. List the prime factors of q.
2, 3, 5
Suppose -302 - 209 = -3*s + 5*w, -5*s + 5*w = -855. Suppose 0 = -8*l + 3*l + 580. Let y = s - l. List the prime factors of y.
2, 7
Let b(i) = 532*i**3 + 2*i**2. List the prime factors of b(1).
2, 3, 89
Let d = -670 - -392. Let k = -188 - d. Suppose 12*p = 7*p + k. What are the prime factors of p?
2, 3
Let c(t) = t**2 - 2*t - 20. Let u be c(6). Suppose -24 = -7*x + u. What are the prime factors of x?
2
Suppose k + 6317 = 4*p, 10*k + 3148 = 2*p + 6*k. What are the prime factors of p?
2, 5, 79
Let v(t) = 4*t - 3. Let j be v(3). Let x(f) = f**2 - 9*f + 2. Let z be x(j). What are the prime factors of z + (-3)/1 - -11?
2, 5
Let i(s) = -s**2 + 5*s + 21. Let k be i(9). Let q(c) = -c**3 - 14*c**2 + 7*c + 15. List the prime factors of q(k).
3, 5
Let p be (6 - 1) + 6/6. Suppose -5 = 5*n - 5*f, -3*f + 9 = -p. Suppose 0 = n*s + 20, s = 2*o - 6*o + 15. What are the prime factors of o?
5
Let g(v) = -3*v**3 - 6*v**2 + 6*v + 74. What are the prime factors of g(-9)?
1721
What are the prime factors of (-10)/(-15)*39*15?
2, 3, 5, 13
Let z = -41 - -52. Let p = z - -42. List the prime factors of p.
53
Suppose 5*n - d - 417 = 2*d, 3*d = 4*n - 333. What are the prime factors of n?
2, 3, 7
Suppose -3*q + 3598 = 826. What are the prime factors of q?
2, 3, 7, 11
List the prime factors of 1/(1 + 0) + 336 + -23.
2, 157
Suppose -6*f + 3*f + 5*a + 39 = 0, 0 = -2*f + 5*a + 31. Suppose -f*k = -3*k - 615. List the prime factors of k.
3, 41
Let d = 2 + 217. List the prime factors of d.
3, 73
Let n(l) = 2*l**2 - 3*l - 17. Let y be n(4). Suppose y*v - 209 - 118 = 0. List the prime factors of v.
109
Let b(t) = 3*t**3 + 2*t**2 + 4*t. Let d be b(-4). Let a = d + 311. Suppose 0 = 9*u - 4*u - a. List the prime factors of u.
3
Suppose -97 = -3*x + 4*s, 0 = -x - s + 12 + 18. Let a be x/2*(-2)/(-1). Suppose 3*d = -a + 184. What are the prime factors of d?
3, 17
Let y = -1 - -1. Suppose -6 = -2*z - 4*x, y = 2*z + 2*x - 7*x - 6. Suppose 0 = -z*i + 8*i - 20. List the prime factors of i.
2
Suppose v - 56 = o, 5*v - 2*o - 273 = -4*o. Suppose h - v = -4*h. Suppose 5*z - h*z + 264 = 0. List the prime factors of z.
2, 11
Let f be (-2 + 3)/((-2)/(-4)). Suppose -5*y = s - 25 + f, 36 = 2*s + 5*y. List the prime factors of s.
13
Let p be 1656/(-115) - (-2)/5. List the prime factors of (-10)/(-5) + p/(-1).
2
Suppose -j - 4*t = -1342 - 966, -4*j + 9292 = t. What are the prime factors of j?
2, 7, 83
Suppose -2*g = -2, 91 = t + 3*g - 420. What are the prime factors of t?
2, 127
Suppose 5*c - x - 6184 = -5*x, -4*x = -4*c + 4940. What are the prime factors of c?
2, 3, 103
Suppose 20*t = 17*t + 951. Suppose 2*k + 3*r - t = 0, -4*k + 430 = -2*r - 228. List the prime factors of k.
163
Let m = -1880 - -4102. List the prime factors of m.
2, 11, 101
Let u(w) = -3*w**3 + w**2 - 3*w + 28. Let k = 15 - 17. Let i(x) = -7*x**3 + 2*x**2 - 7*x + 55. Let l(q) = k*i(q) + 5*u(q). List the prime factors of l(0).
2, 3, 5
Suppose 3*y = 2*l - 3440, -3*l + 5197 = 4*y + 37. List the prime factors of l.
2, 5, 43
Suppose 40 = -3*r - 0*r - 4*c, -15 = -3*c. Let j = 36 + r. Let i = j + 1. What are the prime factors of i?
17
Suppose n - 17412 = -11*n. List the prime factors of n.
1451
Let i(g) = g**2 + 32*g + 132. What are the prime factors of i(-31)?
101
Let x be 5/5*(5 - 3). Suppose -x - 13 = -5*y. Suppose 154 = 2*v + 2*v - y*h, 84 = 2*v - 5*h. List the prime factors of v.
37
Let x = 1 - -54. List the prime factors of x.
5, 11
Suppose 3*c - 2*a - 1846 = 0, -5*c + a + 3904 - 825 = 0. What are the prime factors of c?
2, 7, 11
Suppose -t + 2*r - 3 = -9, -25 = -5*t + 5*r. Suppose 2*s = -t*h + 140, -14 = -h - s + 20. Suppose 0 = 2*z - h - 20. What are the prime factors of z?
2, 7
Let u(s) = -4*s**3 + 2*s**2 - 57*s + 31. What are the prime factors of u(-9)?
2, 1811
Let m = 131 + -248. Let z be (6/4)/(6/8) + -70. Let k = z - m. What are the prime factors of k?
7
Suppose 0 = -0*f - 4*f + 1656. Suppose 6*b - 150 - f = 0. Suppose 155 = 4*r + 3*x, -4*x = -r - r + b. What are the prime factors of r?
41
Let i(b) = -b**3 + 14*b**2 + 16*b + 3. Let h(n) = n + 24. Let m be h(0). Suppose 4*z - 36 = m. What are the prime factors of i(z)?
2, 3
Suppose -l + 84 = -21. Let c(r) = 5*r + 79. Let f be c(-15). Suppose f*z + 4*s - 112 = 0, -2*s + l = 4*z - 5*s. What are the prime factors of z?
3
Let r = -3102 - -5957. What are the prime factors of r?
5, 571
Suppose 4*c = 2*p + 6, -4*p + 0*c + 24 = 4*c. Suppose -3*t + 613 = 4*z, 0*z - t + 461 = p*z. List the prime factors of z.
2, 7, 11
Let p(h) = 1381*h + 139. What are the prime factors of p(4)?
7, 809
Suppose 4*b - 4*c - 148 = 0, -59 = -3*b + 5*c + 48. Let x = 99 - b. List the prime factors of x.
2, 3, 5
Let k = -8 - 4. Let i = -11 - k. What are the prime factors of (1 + -6)/(i/(-2))?
2, 5
Let a(i) = 145*i + 190. What are the prime factors of a(17)?
3, 5, 59
Let y = 1124 - -332. List the prime factors of y.
2, 7, 13
Let z(q) = -39*q - 3. Let f be z(-1). Let d = -25 + f. List the prime factors of d.
11
Let y(n) = 2*n - 7. Let s be y(4). What are the prime factors of (-214 + 1)*s/(-3)?
71
Suppose 2*z - 220 = -2. Let l = -46 + z. Let f = l + -28. List the prime factors of f.
5, 7
Let c(z) = 6 - 3 - 47*z - 3. Let d be c(-8). List the prime factors of (-2)/(-3) - d/(-12).
2
Let x be -3 + -1 + 0 - (21 - 27). List the prime factors of (2/(-3))/(x/33)*-21.
3, 7, 11
List the prime factors of (-2664)/16*(-16)/6.
2, 3, 37
What are the prime factors of (235/10)/(2/4)?
47
Let w = 23 - 12. Suppose 4*a - 4 = -2*j, -4*j - 2*a + 3 = -w. What are the prime factors of 3/(-12) + 97/j?
2, 3
Suppose -40 = -5*h - 0*h. What are the prime factors of 41*(1/3 + h/12)?
41
Let t(i) = i + 1. Let m be t(4). Suppose -f - 4 - 11 = 